{"id":434,"date":"2022-03-01T09:36:29","date_gmt":"2022-03-01T09:36:29","guid":{"rendered":"https:\/\/prisonlife.rs\/en\/?page_id=434"},"modified":"2023-11-27T19:44:47","modified_gmt":"2023-11-27T19:44:47","slug":"olivera-pavicevic","status":"publish","type":"page","link":"https:\/\/prisonlife.rs\/en\/olivera-pavicevic\/","title":{"rendered":"OLIVERA PAVI\u0106EVI\u0106"},"content":{"rendered":"<p><strong>OLIVERA PAVI\u0106EVI\u0106<\/strong><br \/>\n<strong>PhD, senior research associate, Institute for Criminological and Sociological Research, Belgrade<\/strong><\/p>\n<p>Project role and skills:<\/p>\n<p style=\"text-align: justify;\">As part of the team, Olivera Pavi\u0107evi\u0107 is responsible for analysing and understanding the quality of prison life from a broader sociological perspective, particularly through the lens of cultural criminology, social pathology, therapeutic jurisprudence, well-being, and resilience. Her experience contributes to key aspects of the project, especially innovating the exploration of the connection between moral and social climate with personal transformation, well-being, and prosperity of convicted individuals.<\/p>\n<p style=\"text-align: justify;\">As an experienced sociologist, Olivera Pavi\u0107evi\u0107 leads an exploratory and comparative study on the quality of prison life in Serbia. Her focus encompasses the overall quality of prison life, with a specific emphasis on the population of female inmates. Within the framework of theoretical-empirical analysis, she investigates possibilities for improving the quality of prison life in Serbia, providing foundations for empirical and theoretical recommendations. She is responsible for disseminating project results through various activities.<\/p>\n<p>Link : | <a href=\"https:\/\/scholar.google.com\/citations?user=MxHvCH8AAAAJ&amp;hl=sr\" target=\"_blank\" rel=\"noopener\">SCHOLAR GOOGLE<\/a> | <a href=\"https:\/\/orcid.org\/0000-0002-4455-7236\" target=\"_blank\" rel=\"noopener\">ORCHID.ORG<\/a><\/p>\n","protected":false},"excerpt":{"rendered":"<p>OLIVERA PAVI\u0106EVI\u0106 PhD, senior research associate, Institute for Criminological and Sociological Research, Belgrade Project role and skills: As part of the team, Olivera Pavi\u0107evi\u0107 is responsible for analysing and understanding &#8230;<\/p>\n","protected":false},"author":1,"featured_media":679,"parent":0,"menu_order":0,"comment_status":"closed","ping_status":"closed","template":"","meta":{"_monsterinsights_skip_tracking":false,"_monsterinsights_sitenote_active":false,"_monsterinsights_sitenote_note":"","_monsterinsights_sitenote_category":0,"footnotes":""},"class_list":["post-434","page","type-page","status-publish","has-post-thumbnail","hentry"],"aioseo_notices":[],"yoast_head":"<title>OLIVERA PAVI\u0106EVI\u0106 - PrisonLIFE<\/title>\n<meta name=\"description\" content=\"Olivera Pavi\u0107evi\u0107, PhD, research associate, is in charge of analyzing and understanding the quality of prison life from a broader sociological perspective.\" \/>\n<meta name=\"robots\" content=\"index, follow, max-snippet:-1, max-image-preview:large, max-video-preview:-1\" \/>\n<link rel=\"canonical\" href=\"https:\/\/prisonlife.rs\/en\/olivera-pavicevic\/\" \/>\n<meta property=\"og:locale\" content=\"en_US\" \/>\n<meta property=\"og:type\" content=\"article\" \/>\n<meta property=\"og:title\" content=\"OLIVERA PAVI\u0106EVI\u0106 - PrisonLIFE\" \/>\n<meta property=\"og:description\" content=\"Olivera Pavi\u0107evi\u0107, PhD, research associate, is in charge of analyzing and understanding the quality of prison life from a broader sociological perspective.\" \/>\n<meta property=\"og:url\" content=\"https:\/\/prisonlife.rs\/en\/olivera-pavicevic\/\" \/>\n<meta property=\"og:site_name\" content=\"PrisonLIFE\" \/>\n<meta property=\"article:modified_time\" content=\"2023-11-27T19:44:47+00:00\" \/>\n<meta property=\"og:image\" content=\"https:\/\/prisonlife.rs\/en\/wp-content\/uploads\/2023\/11\/olivera.1.png\" \/>\n\t<meta property=\"og:image:width\" content=\"1080\" \/>\n\t<meta property=\"og:image:height\" content=\"1080\" \/>\n\t<meta property=\"og:image:type\" content=\"image\/png\" \/>\n<meta name=\"twitter:card\" content=\"summary_large_image\" \/>\n<meta name=\"twitter:label1\" content=\"Est. reading time\" \/>\n\t<meta name=\"twitter:data1\" content=\"1 minute\" \/>\n<script type=\"application\/ld+json\" class=\"yoast-schema-graph\">{\"@context\":\"https:\\\/\\\/schema.org\",\"@graph\":[{\"@type\":\"WebPage\",\"@id\":\"https:\\\/\\\/prisonlife.rs\\\/en\\\/olivera-pavicevic\\\/\",\"url\":\"https:\\\/\\\/prisonlife.rs\\\/en\\\/olivera-pavicevic\\\/\",\"name\":\"OLIVERA PAVI\u0106EVI\u0106 - PrisonLIFE\",\"isPartOf\":{\"@id\":\"https:\\\/\\\/prisonlife.rs\\\/en\\\/#website\"},\"primaryImageOfPage\":{\"@id\":\"https:\\\/\\\/prisonlife.rs\\\/en\\\/olivera-pavicevic\\\/#primaryimage\"},\"image\":{\"@id\":\"https:\\\/\\\/prisonlife.rs\\\/en\\\/olivera-pavicevic\\\/#primaryimage\"},\"thumbnailUrl\":\"https:\\\/\\\/prisonlife.rs\\\/en\\\/wp-content\\\/uploads\\\/2023\\\/11\\\/olivera.1.png\",\"datePublished\":\"2022-03-01T09:36:29+00:00\",\"dateModified\":\"2023-11-27T19:44:47+00:00\",\"description\":\"Olivera Pavi\u0107evi\u0107, PhD, research associate, is in charge of analyzing and understanding the quality of prison life from a broader sociological perspective.\",\"breadcrumb\":{\"@id\":\"https:\\\/\\\/prisonlife.rs\\\/en\\\/olivera-pavicevic\\\/#breadcrumb\"},\"inLanguage\":\"en-US\",\"potentialAction\":[{\"@type\":\"ReadAction\",\"target\":[\"https:\\\/\\\/prisonlife.rs\\\/en\\\/olivera-pavicevic\\\/\"]}]},{\"@type\":\"ImageObject\",\"inLanguage\":\"en-US\",\"@id\":\"https:\\\/\\\/prisonlife.rs\\\/en\\\/olivera-pavicevic\\\/#primaryimage\",\"url\":\"https:\\\/\\\/prisonlife.rs\\\/en\\\/wp-content\\\/uploads\\\/2023\\\/11\\\/olivera.1.png\",\"contentUrl\":\"https:\\\/\\\/prisonlife.rs\\\/en\\\/wp-content\\\/uploads\\\/2023\\\/11\\\/olivera.1.png\",\"width\":1080,\"height\":1080,\"caption\":\"olivera.1\"},{\"@type\":\"BreadcrumbList\",\"@id\":\"https:\\\/\\\/prisonlife.rs\\\/en\\\/olivera-pavicevic\\\/#breadcrumb\",\"itemListElement\":[{\"@type\":\"ListItem\",\"position\":1,\"name\":\"Home\",\"item\":\"https:\\\/\\\/prisonlife.rs\\\/en\\\/\"},{\"@type\":\"ListItem\",\"position\":2,\"name\":\"OLIVERA PAVI\u0106EVI\u0106\"}]},{\"@type\":\"WebSite\",\"@id\":\"https:\\\/\\\/prisonlife.rs\\\/en\\\/#website\",\"url\":\"https:\\\/\\\/prisonlife.rs\\\/en\\\/\",\"name\":\"PrisonLIFE\",\"description\":\" \",\"publisher\":{\"@id\":\"https:\\\/\\\/prisonlife.rs\\\/en\\\/#organization\"},\"potentialAction\":[{\"@type\":\"SearchAction\",\"target\":{\"@type\":\"EntryPoint\",\"urlTemplate\":\"https:\\\/\\\/prisonlife.rs\\\/en\\\/?s={search_term_string}\"},\"query-input\":{\"@type\":\"PropertyValueSpecification\",\"valueRequired\":true,\"valueName\":\"search_term_string\"}}],\"inLanguage\":\"en-US\"},{\"@type\":\"Organization\",\"@id\":\"https:\\\/\\\/prisonlife.rs\\\/en\\\/#organization\",\"name\":\"PrisonLIFE\",\"url\":\"https:\\\/\\\/prisonlife.rs\\\/en\\\/\",\"logo\":{\"@type\":\"ImageObject\",\"inLanguage\":\"en-US\",\"@id\":\"https:\\\/\\\/prisonlife.rs\\\/en\\\/#\\\/schema\\\/logo\\\/image\\\/\",\"url\":\"https:\\\/\\\/prisonlife.rs\\\/en\\\/wp-content\\\/uploads\\\/2022\\\/02\\\/PrisonLIFE_logo_en_color_dark_web1.png\",\"contentUrl\":\"https:\\\/\\\/prisonlife.rs\\\/en\\\/wp-content\\\/uploads\\\/2022\\\/02\\\/PrisonLIFE_logo_en_color_dark_web1.png\",\"width\":156,\"height\":71,\"caption\":\"PrisonLIFE\"},\"image\":{\"@id\":\"https:\\\/\\\/prisonlife.rs\\\/en\\\/#\\\/schema\\\/logo\\\/image\\\/\"}}]}<\/script>","yoast_head_json":{"title":"OLIVERA PAVI\u0106EVI\u0106 - PrisonLIFE","description":"Olivera Pavi\u0107evi\u0107, PhD, research associate, is in charge of analyzing and understanding the quality of prison life from a broader sociological perspective.","robots":{"index":"index","follow":"follow","max-snippet":"max-snippet:-1","max-image-preview":"max-image-preview:large","max-video-preview":"max-video-preview:-1"},"canonical":"https:\/\/prisonlife.rs\/en\/olivera-pavicevic\/","og_locale":"en_US","og_type":"article","og_title":"OLIVERA PAVI\u0106EVI\u0106 - PrisonLIFE","og_description":"Olivera Pavi\u0107evi\u0107, PhD, research associate, is in charge of analyzing and understanding the quality of prison life from a broader sociological perspective.","og_url":"https:\/\/prisonlife.rs\/en\/olivera-pavicevic\/","og_site_name":"PrisonLIFE","article_modified_time":"2023-11-27T19:44:47+00:00","og_image":[{"width":1080,"height":1080,"url":"https:\/\/prisonlife.rs\/en\/wp-content\/uploads\/2023\/11\/olivera.1.png","type":"image\/png"}],"twitter_card":"summary_large_image","twitter_misc":{"Est. reading time":"1 minute"},"schema":{"@context":"https:\/\/schema.org","@graph":[{"@type":"WebPage","@id":"https:\/\/prisonlife.rs\/en\/olivera-pavicevic\/","url":"https:\/\/prisonlife.rs\/en\/olivera-pavicevic\/","name":"OLIVERA PAVI\u0106EVI\u0106 - PrisonLIFE","isPartOf":{"@id":"https:\/\/prisonlife.rs\/en\/#website"},"primaryImageOfPage":{"@id":"https:\/\/prisonlife.rs\/en\/olivera-pavicevic\/#primaryimage"},"image":{"@id":"https:\/\/prisonlife.rs\/en\/olivera-pavicevic\/#primaryimage"},"thumbnailUrl":"https:\/\/prisonlife.rs\/en\/wp-content\/uploads\/2023\/11\/olivera.1.png","datePublished":"2022-03-01T09:36:29+00:00","dateModified":"2023-11-27T19:44:47+00:00","description":"Olivera Pavi\u0107evi\u0107, PhD, research associate, is in charge of analyzing and understanding the quality of prison life from a broader sociological perspective.","breadcrumb":{"@id":"https:\/\/prisonlife.rs\/en\/olivera-pavicevic\/#breadcrumb"},"inLanguage":"en-US","potentialAction":[{"@type":"ReadAction","target":["https:\/\/prisonlife.rs\/en\/olivera-pavicevic\/"]}]},{"@type":"ImageObject","inLanguage":"en-US","@id":"https:\/\/prisonlife.rs\/en\/olivera-pavicevic\/#primaryimage","url":"https:\/\/prisonlife.rs\/en\/wp-content\/uploads\/2023\/11\/olivera.1.png","contentUrl":"https:\/\/prisonlife.rs\/en\/wp-content\/uploads\/2023\/11\/olivera.1.png","width":1080,"height":1080,"caption":"olivera.1"},{"@type":"BreadcrumbList","@id":"https:\/\/prisonlife.rs\/en\/olivera-pavicevic\/#breadcrumb","itemListElement":[{"@type":"ListItem","position":1,"name":"Home","item":"https:\/\/prisonlife.rs\/en\/"},{"@type":"ListItem","position":2,"name":"OLIVERA PAVI\u0106EVI\u0106"}]},{"@type":"WebSite","@id":"https:\/\/prisonlife.rs\/en\/#website","url":"https:\/\/prisonlife.rs\/en\/","name":"PrisonLIFE","description":" ","publisher":{"@id":"https:\/\/prisonlife.rs\/en\/#organization"},"potentialAction":[{"@type":"SearchAction","target":{"@type":"EntryPoint","urlTemplate":"https:\/\/prisonlife.rs\/en\/?s={search_term_string}"},"query-input":{"@type":"PropertyValueSpecification","valueRequired":true,"valueName":"search_term_string"}}],"inLanguage":"en-US"},{"@type":"Organization","@id":"https:\/\/prisonlife.rs\/en\/#organization","name":"PrisonLIFE","url":"https:\/\/prisonlife.rs\/en\/","logo":{"@type":"ImageObject","inLanguage":"en-US","@id":"https:\/\/prisonlife.rs\/en\/#\/schema\/logo\/image\/","url":"https:\/\/prisonlife.rs\/en\/wp-content\/uploads\/2022\/02\/PrisonLIFE_logo_en_color_dark_web1.png","contentUrl":"https:\/\/prisonlife.rs\/en\/wp-content\/uploads\/2022\/02\/PrisonLIFE_logo_en_color_dark_web1.png","width":156,"height":71,"caption":"PrisonLIFE"},"image":{"@id":"https:\/\/prisonlife.rs\/en\/#\/schema\/logo\/image\/"}}]}},"post_mailing_queue_ids":[],"_links":{"self":[{"href":"https:\/\/prisonlife.rs\/en\/wp-json\/wp\/v2\/pages\/434","targetHints":{"allow":["GET"]}}],"collection":[{"href":"https:\/\/prisonlife.rs\/en\/wp-json\/wp\/v2\/pages"}],"about":[{"href":"https:\/\/prisonlife.rs\/en\/wp-json\/wp\/v2\/types\/page"}],"author":[{"embeddable":true,"href":"https:\/\/prisonlife.rs\/en\/wp-json\/wp\/v2\/users\/1"}],"replies":[{"embeddable":true,"href":"https:\/\/prisonlife.rs\/en\/wp-json\/wp\/v2\/comments?post=434"}],"version-history":[{"count":0,"href":"https:\/\/prisonlife.rs\/en\/wp-json\/wp\/v2\/pages\/434\/revisions"}],"wp:featuredmedia":[{"embeddable":true,"href":"https:\/\/prisonlife.rs\/en\/wp-json\/wp\/v2\/media\/679"}],"wp:attachment":[{"href":"https:\/\/prisonlife.rs\/en\/wp-json\/wp\/v2\/media?parent=434"}],"curies":[{"name":"wp","href":"https:\/\/api.w.org\/{rel}","templated":true}]}}

OLIVERA PAVIĆEVIĆ

<p><strong>OLIVERA PAVIĆEVIĆ</strong><br />
<strong>PhD, senior research associate, Institute for Criminological and Sociological Research, Belgrade</strong></p>
<p>Project role and skills:</p>
<p style="text-align: justify;">As part of the team, Olivera Pavićević is responsible for analysing and understanding the quality of prison life from a broader sociological perspective, particularly through the lens of cultural criminology, social pathology, therapeutic jurisprudence, well-being, and resilience. Her experience contributes to key aspects of the project, especially innovating the exploration of the connection between moral and social climate with personal transformation, well-being, and prosperity of convicted individuals.</p>
<p style="text-align: justify;">As an experienced sociologist, Olivera Pavićević leads an exploratory and comparative study on the quality of prison life in Serbia. Her focus encompasses the overall quality of prison life, with a specific emphasis on the population of female inmates. Within the framework of theoretical-empirical analysis, she investigates possibilities for improving the quality of prison life in Serbia, providing foundations for empirical and theoretical recommendations. She is responsible for disseminating project results through various activities.</p>
<p>Link : | <a href="https://scholar.google.com/citations?user=MxHvCH8AAAAJ&amp;hl=sr" target="_blank" rel="noopener">SCHOLAR GOOGLE</a> | <a href="https://orcid.org/0000-0002-4455-7236" target="_blank" rel="noopener">ORCHID.ORG</a></p>

<p>OLIVERA PAVIĆEVIĆ PhD, senior research associate, Institute for Criminological and Sociological Research, Belgrade Project role and skills: As part of the team, Olivera Pavićević is responsible for analysing and understanding &#8230;</p>

<title>OLIVERA PAVIĆEVIĆ - PrisonLIFE</title>
<meta name="description" content="Olivera Pavićević, PhD, research associate, is in charge of analyzing and understanding the quality of prison life from a broader sociological perspective." />
<meta name="robots" content="index, follow, max-snippet:-1, max-image-preview:large, max-video-preview:-1" />
<link rel="canonical" href="https://prisonlife.rs/en/olivera-pavicevic/" />
<meta property="og:locale" content="en_US" />
<meta property="og:type" content="article" />
<meta property="og:title" content="OLIVERA PAVIĆEVIĆ - PrisonLIFE" />
<meta property="og:description" content="Olivera Pavićević, PhD, research associate, is in charge of analyzing and understanding the quality of prison life from a broader sociological perspective." />
<meta property="og:url" content="https://prisonlife.rs/en/olivera-pavicevic/" />
<meta property="og:site_name" content="PrisonLIFE" />
<meta property="article:modified_time" content="2023-11-27T19:44:47+00:00" />
<meta property="og:image" content="https://prisonlife.rs/en/wp-content/uploads/2023/11/olivera.1.png" />
	<meta property="og:image:width" content="1080" />
	<meta property="og:image:height" content="1080" />
	<meta property="og:image:type" content="image/png" />
<meta name="twitter:card" content="summary_large_image" />
<meta name="twitter:label1" content="Est. reading time" />
	<meta name="twitter:data1" content="1 minute" />
<script type="application/ld+json" class="yoast-schema-graph">{"@context":"https:\/\/schema.org","@graph":[{"@type":"WebPage","@id":"https:\/\/prisonlife.rs\/en\/olivera-pavicevic\/","url":"https:\/\/prisonlife.rs\/en\/olivera-pavicevic\/","name":"OLIVERA PAVIĆEVIĆ - PrisonLIFE","isPartOf":{"@id":"https:\/\/prisonlife.rs\/en\/#website"},"primaryImageOfPage":{"@id":"https:\/\/prisonlife.rs\/en\/olivera-pavicevic\/#primaryimage"},"image":{"@id":"https:\/\/prisonlife.rs\/en\/olivera-pavicevic\/#primaryimage"},"thumbnailUrl":"https:\/\/prisonlife.rs\/en\/wp-content\/uploads\/2023\/11\/olivera.1.png","datePublished":"2022-03-01T09:36:29+00:00","dateModified":"2023-11-27T19:44:47+00:00","description":"Olivera Pavićević, PhD, research associate, is in charge of analyzing and understanding the quality of prison life from a broader sociological perspective.","breadcrumb":{"@id":"https:\/\/prisonlife.rs\/en\/olivera-pavicevic\/#breadcrumb"},"inLanguage":"en-US","potentialAction":[{"@type":"ReadAction","target":["https:\/\/prisonlife.rs\/en\/olivera-pavicevic\/"]}]},{"@type":"ImageObject","inLanguage":"en-US","@id":"https:\/\/prisonlife.rs\/en\/olivera-pavicevic\/#primaryimage","url":"https:\/\/prisonlife.rs\/en\/wp-content\/uploads\/2023\/11\/olivera.1.png","contentUrl":"https:\/\/prisonlife.rs\/en\/wp-content\/uploads\/2023\/11\/olivera.1.png","width":1080,"height":1080,"caption":"olivera.1"},{"@type":"BreadcrumbList","@id":"https:\/\/prisonlife.rs\/en\/olivera-pavicevic\/#breadcrumb","itemListElement":[{"@type":"ListItem","position":1,"name":"Home","item":"https:\/\/prisonlife.rs\/en\/"},{"@type":"ListItem","position":2,"name":"OLIVERA PAVIĆEVIĆ"}]},{"@type":"WebSite","@id":"https:\/\/prisonlife.rs\/en\/#website","url":"https:\/\/prisonlife.rs\/en\/","name":"PrisonLIFE","description":" ","publisher":{"@id":"https:\/\/prisonlife.rs\/en\/#organization"},"potentialAction":[{"@type":"SearchAction","target":{"@type":"EntryPoint","urlTemplate":"https:\/\/prisonlife.rs\/en\/?s={search_term_string}"},"query-input":{"@type":"PropertyValueSpecification","valueRequired":true,"valueName":"search_term_string"}}],"inLanguage":"en-US"},{"@type":"Organization","@id":"https:\/\/prisonlife.rs\/en\/#organization","name":"PrisonLIFE","url":"https:\/\/prisonlife.rs\/en\/","logo":{"@type":"ImageObject","inLanguage":"en-US","@id":"https:\/\/prisonlife.rs\/en\/#\/schema\/logo\/image\/","url":"https:\/\/prisonlife.rs\/en\/wp-content\/uploads\/2022\/02\/PrisonLIFE_logo_en_color_dark_web1.png","contentUrl":"https:\/\/prisonlife.rs\/en\/wp-content\/uploads\/2022\/02\/PrisonLIFE_logo_en_color_dark_web1.png","width":156,"height":71,"caption":"PrisonLIFE"},"image":{"@id":"https:\/\/prisonlife.rs\/en\/#\/schema\/logo\/image\/"}}]}</script>

OLIVERA PAVIĆEVIĆ - PrisonLIFE

Olivera Pavićević, PhD, research associate, is in charge of analyzing and understanding the quality of prison life from a broader sociological perspective.
